28ab
In base 14, what is -1c3bd6ab + -2?
-1c3bd6ad
In base 13, what is -19 - 2c8cb0?
-2c8cc9
In base 7, what is 13611313 + 14?
13611330
In base 11, what is 670aa - 0?
670aa
In base 13, what is 9bac35 - 36?
9babcc
In base 15, what is -8b877 - b?
-8b883
In base 4, what is -223320201 + 232?
-223313303
In base 8, what is 0 - 1132273625?
-1132273625
In base 3, what is -1110222001010 + -1111?
-1110222002121
In base 4, what is -1031210123311 - 31?
-1031210130002
In base 4, what is -11 + -102000001323?
-102000002000
In base 10, what is -2667714 - 31?
-2667745
In base 12, what is -3 - 4093840?
-4093843
In base 8, what is 4047234 + -1434?
4045600
In base 16, what is 2 - -1308101?
1308103
In base 7, what is 5011221164 + -5?
5011221156
In base 9, what is 51 + 1351664?
1351725
In base 5, what is 100 - -133033331?
133033431
In base 5, what is 40443110 - -111?
40443221
In base 16, what is -92e + 2dc2f?
2d301
In base 6, what is 0 - 53052500102?
-53052500102
In base 15, what is 52 - -cb443d?
cb4490
In base 9, what is 3 + -717410724?
-717410721
In base 5, what is 3233 + -23244?
-20011
In base 4, what is 10 - 103120032113?
-103120032103
In base 7, what is -212 - 13402645?
-13403160
In base 11, what is 1439 - -178916?
17a254
In base 9, what is -174228 - -867?
-173251
In base 3, what is -101000121 + -2112122210?
-2220200101
In base 12, what is -1 + -142686?
-142687
In base 5, what is 33 - 12100244?
-12100211
In base 12, what is -3b67 + 56b?
-35b8
In base 14, what is 217 + 314ca?
31703
In base 16, what is -977d5 + 14?
-977c1
In base 13, what is aaa1b - 19ac?
a903c
In base 10, what is 918 + 345435?
346353
In base 2, what is -11101100001110111 + -1001011100?
-11101101011010011
In base 12, what is 7874a88 - 0?
7874a88
In base 12, what is 355389 + 1?
35538a
In base 8, what is -3432 + 243562?
240130
In base 12, what is -346 + -a26a?
-a5b4
In base 16, what is 3 + 1cbaa76?
1cbaa79
In base 13, what is 36 + -1a5389a?
-1a53864
In base 8, what is 4005 - 277224?
-273217
In base 4, what is -1102 + -1011203212?
-1011210320
In base 2, what is 100101110010 + -10001111100111010?
-10001010111001000
In base 11, what is -3 - 4742591?
-4742594
In base 15, what is 4bc - 2a60?
-2593
In base 5, what is -1100040033 - 20?
-1100040103
In base 16, what is -1498 + -219?
-16b1
In base 5, what is -1214034 + -103032?
-1322121
In base 2, what is -10101000010101 - -10111000000?
-10010001010101
In base 9, what is -4651 + -4582?
-10343
In base 11, what is -574 - -11199?
10725
In base 6, what is -440433100 - 4?
-440433104
In base 15, what is e62 - -452?
13b4
In base 4, what is -10200 + 123110200?
123100000
In base 14, what is 21 + 34643?
34664
In base 11, what is -320833921 + 1?
-320833920
In base 10, what is -260947 - 8?
-260955
In base 3, what is -10000020 - -10101120?
101100
In base 15, what is c3 - -449b?
456e
In base 8, what is -5 + 224577322?
224577315
In base 16, what is -117b1af + 1?
-117b1ae
In base 10, what is -2 + 46881363?
46881361
In base 7, what is -143366250 + -116?
-143366366
In base 13, what is -1c69467 + -4?
-1c6946b
In base 13, what is -56664 - -5a?
-56607
In base 9, what is -4744068 + -2?
-4744071
In base 9, what is 65457 - -1313?
66771
In base 14, what is -b25ca3 - -6?
-b25c9b
In base 11, what is 11919 - -237?
12055
In base 6, what is -302 - -450051?
445345
In base 13, what is 25129b12 - 3?
25129b0c
In base 5, what is -433403 + 1241141?
302233
In base 15, what is 22384 - -1?
22385
In base 8, what is -20551365 + -2?
-20551367
In base 11, what is -1385 - -29680a?
295435
In base 14, what is 3d25b203 + -5?
3d25b1dc
In base 11, what is -4a + 2209a3?
220954
In base 14, what is 9bb8809 - 9?
9bb8800
In base 4, what is -202 + 330032303?
330032101
In base 2, what is 10011101110 + 110100011?
11010010001
In base 13, what is -2c556 - -2a4?
-2c282
In base 10, what is -3 + 12611856?
12611853
In base 10, what is -6 - -1885990?
1885984
In base 13, what is 2125b - -154?
213b2
In base 15, what is -1197 - 1d42b?
-1e5c3
In base 4, what is -31023 - 1233312312?
-1300010001
In base 13, what is 4 + -21280?
-21279
In base 8, what is 3 + -466425166?
-466425163
In base 14, what is -9369 - -37b?
-8dcc
In base 4, what is -103313 - 3201330223?
-3202100202
In base 10, what is -5 + 6495342?
6495337
In base 2, what is -1000000 - 10010011001010010?
-10010011010010010
In base 9, what is 11270 - -8085?
20365
In base 6, what is 1110 + -1133525?
-1132415
In base 8, what is -2764610 - -120?
-2764470
In base 11, what is 774aa + 16?
77515
In base 9, what is -164 + 4736228?
4736054
In base 10, what is -190 - -40816?
40626
In base 16, what is -e67 - -45b?
-a0c
In base 16, what is 78 + -150a4a?
-1509d2
In base 3, what is -21200100 + 112000110?
20100010
In base 14, what is d38 + -2894?
-195a
In base 5, what is -43 - -10041420343?
10041420300
In base 16, what is 11 - af7bab?
-af7b9a
In base 2, what is -10 - -1100011010011000111110010110?
1100011010011000111110010100
In base 5, what is -120 + 1212031133?
1212031013
In base 12, what is -3141 + 1327?
-1a16
In base 3, what is -101221200111 - 1020221?
-101222221102
In base 8, what is 1054534 + -1044?
1053470
In base 4, what is 113 - -11202130213?
11202130332
In base 9, what is 528 - -2705?
3334
In base 13, what is -7 - 251007?
-251011
In base 4, what is 31303202311 - -3?
31303202320
In base 15, what is 29 - 261382?
-261358
In base 5, what is -14440311330 - 13?
-14440311343
In base 11, what is -4951a + -265?
-49784
In base 7, what is 1 + -42166524?
-42166523
In base 7, what is -2620151363 + 0?
-2620151363
In base 12, what is 1b60325 - -2?
1b60327
In base 13, what is a2325c3 + 4?
a2325c7
In base 6, what is -10020140 + -321?
-10020501
In base 14, what is 1817 - -7a4?
21bb
In base 5, what is -4333433024 + -11?
-4333433040
In base 4, what is -13303211332 + 12?
-13303211320
In base 6, what is 154255433 + 32?
154255505
In base 4, what is -10120201132 + -2?
-10120201200
In base 9, what is 3738 - -1763?
5612
In base 4, what is 10 + 13221033001?
13221033011
In base 13, what is -51 - 1654c7?
-165548
In base 14, what is 3 - -a4c76?
a4c79
In base 12, what is 10a36 + -172?
10884
In base 6, what is -41053 + 10411110?
10330013
In base 15, what is 26736199 + -2?
26736197
In base 2, what is 100000010101 + 110101101010?
1010101111111
In base 12, what is -16999 + -7b01?
-2289a
In base 5, what is 4 - -101012403113?
101012403122
In base 15, what is 1b9 - -3b0?
579
In base 3, what is -121021 + 121121122012?
121121000221
In base 15, what is 2cb8e1 + -21?
2cb8c0
In base 8, what is -15005101750 + 2?
-15005101746
In base 6, what is -101 + -1140011?
-1140112
In base 10, what is -2010032 - 30?
-2010062
In base 12, what is -2366 + -25a2?
-4948
In base 10, what is -88 + 235236?
235148
In base 10, what is -11 - 68765910?
-68765921
In base 8, what is 32347414 - 1?
32347413
In base 14, what is 3 - -165a921?
165a924
In base 8, what is 5 - -40142572?
40142577
In base 9, what is -70575304 + -4?
-70575308
In base 16, what is 2ea + 6018b?
60475
In base 16, what is -7 - -193d4fb?
193d4f4
In base 10, what is 1151934 - -181?
1152115
In base 7, what is 460 - 43032?
-42242
In base 3, what is 11121 - -21001001122?
21001020020
In base 12, what is -5 + -12581a9?
-12581b2
In base 3, what is 2202011112222 - 20?
2202011112202
In base 9, what is 0 + 136468128?
136468128
In base 15, what is -12 + -1ee?
-211
In base 12, what is -9346 - 122a?
-a574
In base 13, what is 5535c - 186?
551a6
In base 7, what is 1155261 + 22540?
1211131
In base 9, what is -13876 - -158?
-13717
In base 3, what is 11 + -202022101021210?
-202022101021122
In base 7, what is 3 + -160012415?
-160012412
In base 2, what is -10101 + -10001010001010110110?
-10001010001011001011
In base 13, what is -747 + -ca750?
-cb197
In base 9, what is 54384 + -22?
54362
In base 2, what is -11000111101 - -10110111000?
-10000101
In base 8, what is 22 + 117370104?
117370126
In base 9, what is 54 - 2471823?
-2471758
In base 10, what is 86218 - 28?
86190
In base 7, what is 1624 + 36065?
41022
In base 3, what is 1 - -211211022211110?
211211022211111
In base 8, what is 1407 + -42721?
-41312
In base 9, what is -26651 - -33112?
5351
In base 4, what is -3102021 - -13332?
-3022023
In base 12, what is -4 - -4891793?
489178b
In base 16, what is -1c1e3 + be?
-1c125
In base 8, what is -24142